 is divided by 26.
25
What is the remainder when 261 is divided by 11?
8
What is the remainder when 750 is divided by 81?
21
Calculate the remainder when 467 is divided by 99.
71
Calculate the remainder when 1303 is divided by 15.
13
Calculate the remainder when 243 is divided by 67.
42
Calculate the remainder when 597 is divided by 28.
9
What is the remainder when 681 is divided by 30?
21
What is the remainder when 323 is divided by 31?
13
What is the remainder when 136 is divided by 61?
14
What is the remainder when 109 is divided by 11?
10
What is the remainder when 4293 is divided by 113?
112
What is the remainder when 900 is divided by 29?
1
What is the remainder when 162 is divided by 43?
33
What is the remainder when 312 is divided by 152?
8
Calculate the remainder when 332 is divided by 127.
78
Calculate the remainder when 239 is divided by 41.
34
Calculate the remainder when 2145 is divided by 219.
174
What is the remainder when 86 is divided by 24?
14
What is the remainder when 8429 is divided by 68?
65
What is the remainder when 130 is divided by 43?
1
What is the remainder when 7583 is divided by 16?
15
What is the remainder when 221 is divided by 35?
11
What is the remainder when 4274 is divided by 534?
2
Calculate the remainder when 3597 is divided by 1199.
0
Calculate the remainder when 2192 is divided by 43.
42
Calculate the remainder when 297 is divided by 61.
53
Calculate the remainder when 19 is divided by 2.
1
What is the remainder when 39 is divided by 7?
4
Calculate the remainder when 49 is divided by 18.
13
Calculate the remainder when 251 is divided by 9.
8
What is the remainder when 207 is divided by 161?
46
Calculate the remainder when 4998 is divided by 18.
12
Calculate the remainder when 279 is divided by 141.
138
Calculate the remainder when 721 is divided by 148.
129
What is the remainder when 125 is divided by 118?
7
Calculate the remainder when 210 is divided by 72.
66
What is the remainder when 107 is divided by 36?
35
What is the remainder when 1220 is divided by 32?
4
Calculate the remainder when 123 is divided by 25.
23
What is the remainder when 26 is divided by 9?
8
What is the remainder when 210 is divided by 43?
38
What is the remainder when 325 is divided by 47?
43
Calculate the remainder when 204 is divided by 54.
42
Calculate the remainder when 524 is divided by 170.
14
Calculate the remainder when 892 is divided by 56.
52
What is the remainder when 13 is divided by 5?
3
Calculate the remainder when 333 is divided by 319.
14
Calculate the remainder when 2014 is divided by 31.
30
What is the remainder when 136 is divided by 21?
10
What is the remainder when 800 is divided by 12?
8
What is the remainder when 344 is divided by 2?
0
What is the remainder when 30 is divided by 1?
0
What is the remainder when 237 is divided by 68?
33
What is the remainder when 254 is divided by 91?
72
Calculate the remainder when 23 is divided by 20.
3
What is the remainder when 307 is divided by 10?
7
What is the remainder when 141 is divided by 31?
17
What is the remainder when 78 is divided by 20?
18
What is the remainder when 414 is divided by 124?
42
Calculate the remainder when 169 is divided by 90.
79
What is the remainder when 81 is divided by 46?
35
What is the remainder when 69 is divided by 19?
12
Calculate the remainder when 2008 is divided by 96.
88
What is the remainder when 274 is divided by 93?
88
Calculate the remainder when 1372 is divided by 125.
122
Calculate the remainder when 285 is divided by 11.
10
What is the remainder when 407 is divided by 21?
8
Calculate the remainder when 319 is divided by 39.
7
What is the remainder when 274 is divided by 4?
2
Calculate the remainder when 339 is divided by 61.
34
What is the remainder when 215 is divided by 102?
11
What is the remainder when 113 is divided by 41?
31
What is the remainder when 112 is divided by 32?
16
Calculate the remainder when 1665 is divided by 34.
33
Calculate the remainder when 204 is divided by 23.
20
What is the remainder when 135 is divided by 8?
7
What is the remainder when 382 is divided by 25?
7
What is the remainder when 764 is divided by 79?
53
Calculate the remainder when 190 is divided by 49.
43
Calculate the remainder when 4163 is divided by 83.
13
What is the remainder when 254 is divided by 124?
6
What is the remainder when 132 is divided by 29?
16
Calculate the remainder when 98 is divided by 12.
2
What is the remainder when 2325 is divided by 771?
12
Calculate the remainder when 385 is divided by 80.
65
What is the remainder when 246 is divided by 178?
68
Calculate the remainder when 291 is divided by 68.
19
What is the remainder when 11832 is divided by 133?
128
What is the remainder when 1067 is divided by 135?
122
Calculate the remainder when 345 is divided by 32.
25
Calculate the remainder when 602 is divided by 38.
32
Calculate the remainder when 11259 is divided by 7.
3
Calculate the remainder when 1089 is divided by 212.
29
What is the remainder when 53 is divided by 9?
8
What is the remainder when 5257 is divided by 239?
238
Calculate the remainder when 677 is divided by 56.
5
What is the remainder when 21 is divided by 14?
7
What is the remainder when 229 is divided by 9?
4
What is the remainder when 16316 is divided by 16?
12
Calculate the remainder when 565 is divided by 53.
35
Calculate the remainder when 1891 is divided by 6.
1
Calculate the remainder when 929 is divided by 461.
7
Calculate the remainder when 30 is divided by 19.
11
Calculate the remainder when 5 is divided by 5.
0
What is the remainder when 962 is divided by 88?
82
What is the remainder when 339 is divided by 6?
3
What is the remainder when 184 is divided by 34?
14
Calculate the remainder when 14609 is divided by 18.
11
Calculate the remainder when 172 is divided by 35.
32
What is the remainder when 437 is divided by 54?
5
What is the remainder when 3723 is divided by 16?
11
What is the remainder when 880 is divided by 222?
214
What is the remainder when 802 is divided by 122?
70
What is the remainder when 753 is divided by 42?
39
Calculate the remainder when 183 is divided by 17.
13
Calculate the remainder when 1259 is divided by 140.
139
Calculate the remainder when 113 is divided by 32.
17
Calculate the remainder when 1589 is divided by 43.
41
Calculate the remainder when 281 is divided by 24.
17
Calculate the remainder when 346 is divided by 70.
66
Calculate the remainder when 121 is divided by 21.
16
What is the remainder when 321 is divided by 17?
15
What is the remainder when 1436 is divided by 15?
11
Calculate the remainder when 669 is divided by 24.
21
What is the remainder when 1148 is divided by 77?
70
Calculate the remainder when 43577 is divided by 27.
26
What is the remainder when 4674 is divided by 49?
19
Calculate the remainder when 1113 is divided by 36.
33
Calculate the remainder when 26 is divided by 21.
5
What is the remainder when 35123 is divided by 182?
179
What is the remainder when 239 is divided by 113?
13
What is the remainder when 3077 is divided by 93?
8
What is the remainder when 60 is divided by 19?
3
Calculate the remainder when 30 is divided by 8.
6
What is the remainder when 528 is divided by 23?
22
Calculate the remainder when 642 is divided by 24.
18
What is the remainder when 470 is divided by 33?
8
Calculate the remainder when 211 is divided by 31.
25
Calculate the remainder when 151 is divided by 40.
31
What is the remainder when 249 is divided by 64?
57
Calculate the remainder when 5855 is divided by 93.
89
Calculate the remainder when 1022 is divided by 1012.
10
What is the remainder when 38 is divided by 22?
16
Calculate the remainder when 1861 is divided by 44.
13
Calculate the remainder when 1437 is divided by 111.
105
Calculate the remainder when 793 is divided by 686.
107
Calculate the remainder when 4206 is divided by 9.
3
Calculate the remainder when 1053 is divided by 347.
12
Calculate the remainder when 4248 is divided by 1416.
0
Calculate the remainder when 6 is divided by 4.
2
What is the remainder when 1426 is divided by 401?
223
What is the remainder when 98 is divided by 14?
0
Calculate the remainder when 278 is divided by 59.
42
Calculate the remainder when 1405 is divided by 38.
37
C